992?
38
Calculate the remainder when 18 is divided by 3.
0
What is the remainder when 115 is divided by 24?
19
What is the remainder when 2769 is divided by 33?
30
Calculate the remainder when 406 is divided by 136.
134
What is the remainder when 824 is divided by 372?
80
What is the remainder when 849 is divided by 31?
12
What is the remainder when 872 is divided by 23?
21
Calculate the remainder when 1164 is divided by 39.
33
What is the remainder when 163 is divided by 21?
16
Calculate the remainder when 1064 is divided by 8.
0
What is the remainder when 2787 is divided by 929?
0
What is the remainder when 2718 is divided by 30?
18
What is the remainder when 6778 is divided by 30?
28
What is the remainder when 22 is divided by 15?
7
What is the remainder when 1079 is divided by 279?
242
Calculate the remainder when 2873 is divided by 6.
5
What is the remainder when 346 is divided by 50?
46
What is the remainder when 80 is divided by 43?
37
Calculate the remainder when 93 is divided by 89.
4
What is the remainder when 77 is divided by 16?
13
Calculate the remainder when 492 is divided by 121.
8
What is the remainder when 486 is divided by 14?
10
Calculate the remainder when 853 is divided by 18.
7
Calculate the remainder when 2014 is divided by 36.
34
Calculate the remainder when 480 is divided by 21.
18
Calculate the remainder when 143 is divided by 31.
19
What is the remainder when 376 is divided by 10?
6
Calculate the remainder when 54 is divided by 19.
16
Calculate the remainder when 1591 is divided by 790.
11
Calculate the remainder when 156 is divided by 32.
28
What is the remainder when 86 is divided by 15?
11
What is the remainder when 17 is divided by 16?
1
Calculate the remainder when 194 is divided by 153.
41
What is the remainder when 436 is divided by 112?
100
Calculate the remainder when 402 is divided by 99.
6
What is the remainder when 63 is divided by 8?
7
What is the remainder when 1676 is divided by 140?
136
Calculate the remainder when 1371 is divided by 670.
31
Calculate the remainder when 197 is divided by 100.
97
What is the remainder when 1482 is divided by 1468?
14
What is the remainder when 314 is divided by 52?
2
Calculate the remainder when 325 is divided by 33.
28
What is the remainder when 256 is divided by 80?
16
Calculate the remainder when 2532 is divided by 169.
166
Calculate the remainder when 700 is divided by 78.
76
What is the remainder when 2014 is divided by 65?
64
What is the remainder when 2078 is divided by 8?
6
Calculate the remainder when 302 is divided by 77.
71
What is the remainder when 145 is divided by 46?
7
Calculate the remainder when 232 is divided by 23.
2
Calculate the remainder when 102 is divided by 10.
2
What is the remainder when 217 is divided by 104?
9
Calculate the remainder when 13 is divided by 4.
1
Calculate the remainder when 3592 is divided by 31.
27
Calculate the remainder when 2599 is divided by 174.
163
What is the remainder when 1175 is divided by 49?
48
What is the remainder when 1887 is divided by 9?
6
Calculate the remainder when 14999 is divided by 121.
116
Calculate the remainder when 1677 is divided by 12.
9
Calculate the remainder when 2071 is divided by 346.
341
Calculate the remainder when 4251 is divided by 5.
1
Calculate the remainder when 1095 is divided by 275.
270
Calculate the remainder when 253 is divided by 82.
7
Calculate the remainder when 413 is divided by 46.
45
Calculate the remainder when 183 is divided by 12.
3
What is the remainder when 159 is divided by 10?
9
What is the remainder when 46 is divided by 40?
6
What is the remainder when 698 is divided by 85?
18
What is the remainder when 35 is divided by 10?
5
What is the remainder when 427 is divided by 161?
105
What is the remainder when 155 is divided by 34?
19
Calculate the remainder when 135 is divided by 23.
20
Calculate the remainder when 18229 is divided by 86.
83
What is the remainder when 2168 is divided by 10?
8
Calculate the remainder when 119 is divided by 10.
9
Calculate the remainder when 4777 is divided by 9.
7
Calculate the remainder when 30 is divided by 17.
13
What is the remainder when 121 is divided by 14?
9
What is the remainder when 598 is divided by 30?
28
Calculate the remainder when 329 is divided by 15.
14
What is the remainder when 195 is divided by 33?
30
What is the remainder when 581 is divided by 268?
45
Calculate the remainder when 363 is divided by 76.
59
Calculate the remainder when 75 is divided by 75.
0
What is the remainder when 188 is divided by 64?
60
Calculate the remainder when 3267 is divided by 43.
42
What is the remainder when 1920 is divided by 107?
101
What is the remainder when 188 is divided by 48?
44
What is the remainder when 717 is divided by 43?
29
What is the remainder when 125 is divided by 43?
39
Calculate the remainder when 692 is divided by 136.
12
What is the remainder when 1432 is divided by 35?
32
What is the remainder when 411 is divided by 9?
6
Calculate the remainder when 302 is divided by 14.
8
What is the remainder when 125 is divided by 32?
29
What is the remainder when 698 is divided by 25?
23
Calculate the remainder when 282 is divided by 52.
22
Calculate the remainder when 242 is divided by 27.
26
Calculate the remainder when 4416 is divided by 75.
66
Calculate the remainder when 84 is divided by 59.
25
What is the remainder when 2665 is divided by 17?
13
Calculate the remainder when 11788 is divided by 67.
63
Calculate the remainder when 246 is divided by 31.
29
What is the remainder when 748 is divided by 108?
100
What is the remainder when 238 is divided by 62?
52
Calculate the remainder when 734 is divided by 67.
64
What is the remainder when 4284 is divided by 148?
140
What is the remainder when 186 is divided by 90?
6
Calculate the remainder when 37 is divided by 8.
5
Calculate the remainder when 2131 is divided by 127.
99
Calculate the remainder when 25 is divided by 13.
12
Calculate the remainder when 471 is divided by 95.
91
Calculate the remainder when 134 is divided by 123.
11
Calculate the remainder when 2567 is divided by 7.
5
What is the remainder when 1611 is divided by 11?
5
What is the remainder when 222 is divided by 38?
32
Calculate the remainder when 353 is divided by 172.
9
Calculate the remainder when 241 is divided by 50.
41
Calculate the remainder when 3621 is divided by 79.
66
Calculate the remainder when 3694 is divided by 206.
192
What is the remainder when 709 is divided by 21?
16
Calculate the remainder when 106 is divided by 4.
2
Calculate the remainder when 60 is divided by 23.
14
Calculate the remainder when 840 is divided by 139.
6
Calculate the remainder when 633 is divided by 71.
65
Calculate the remainder when 111 is divided by 34.
9
Calculate the remainder when 4859 is divided by 27.
26
What is the remainder when 154 is divided by 23?
16
What is the remainder when 428 is divided by 33?
32
Calculate the remainder when 703 is divided by 44.
43
Calculate the remainder when 1281 is divided by 316.
17
Calculate the remainder when 733 is divided by 10.
3
Calculate the remainder when 619 is divided by 182.
73
Calculate the remainder when 1461 is divided by 8.
5
Calculate the remainder when 944 is divided by 940.
4
What is the remainder when 2159 is divided by 182?
157
What is the remainder when 31 is divided by 9?
4
Calculate the remainder when 235 is divided by 24.
19
What is the remainder when 1894 is divided by 613?
55
What is the remainder when 1744 is divided by 14?
8
Calculate the remainder when 31 is divided by 18.
13
Calculate the remainder when 126 is divided by 56.
14
Calculate the remainder when 13949 is divided by 31.
30
What is the remainder when 165 is divided by 44?
33
What is the remainder when 60 is divided by 42?
18
What is the remainder when 831 is divided by 8?
7
What is the remainder when 69 is divided by 3?
0
What is the remainder when 1183 is divided by 148?
147
Calculate the remainder when 339 is divided by 19.
16
What is the remainder when 569 is divided by 143?
140
What is the remainder when 508 is divided by 45?
13
Calculate the remainder when 1096 is divided by 122.
120
What is the remainder when 2753 is divided by 211?
10
Calculate the remainder when 566 is divided b